{"id":334,"date":"2010-10-04T09:34:39","date_gmt":"2010-10-04T09:34:39","guid":{"rendered":"http:\/\/www.mairie-facilement.com\/61ville-putanges\/?page_id=334"},"modified":"2021-03-11T17:08:11","modified_gmt":"2021-03-11T17:08:11","slug":"demande-dextrait-dacte-de-mariage","status":"publish","type":"page","link":"https:\/\/www.putanges-le-lac.fr\/?page_id=334","title":{"rendered":"Demande d&rsquo;extrait d&rsquo;acte de mariage"},"content":{"rendered":"\n<div class=\"wpcf7 no-js\" id=\"wpcf7-f1207-o1\" lang=\"en-US\" dir=\"ltr\" data-wpcf7-id=\"1207\">\n<div class=\"screen-reader-response\"><p role=\"status\" aria-live=\"polite\" aria-atomic=\"true\"><\/p> <ul><\/ul><\/div>\n<form action=\"\/index.php?rest_route=%2Fwp%2Fv2%2Fpages%2F334#wpcf7-f1207-o1\" method=\"post\" class=\"wpcf7-form init\" aria-label=\"Contact form\" novalidate=\"novalidate\" data-status=\"init\">\n<fieldset class=\"hidden-fields-container\"><input type=\"hidden\" name=\"_wpcf7\" value=\"1207\" \/><input type=\"hidden\" name=\"_wpcf7_version\" value=\"6.1.5\" \/><input type=\"hidden\" name=\"_wpcf7_locale\" value=\"en_US\" \/><input type=\"hidden\" name=\"_wpcf7_unit_tag\" value=\"wpcf7-f1207-o1\" \/><input type=\"hidden\" name=\"_wpcf7_container_post\" value=\"0\" \/><input type=\"hidden\" name=\"_wpcf7_posted_data_hash\" value=\"\" \/>\n<\/fieldset>\n<p>LE DEMANDEUR:\n<\/p>\n<p><span class=\"wpcf7-form-control-wrap\" data-name=\"filiation\"><span class=\"wpcf7-form-control wpcf7-checkbox\"><span class=\"wpcf7-list-item first\"><input type=\"checkbox\" name=\"filiation[]\" value=\"Avec filiation\" \/><span class=\"wpcf7-list-item-label\">Avec filiation<\/span><\/span><span class=\"wpcf7-list-item last\"><input type=\"checkbox\" name=\"filiation[]\" value=\"Sans filiation\" \/><span class=\"wpcf7-list-item-label\">Sans filiation<\/span><\/span><\/span><\/span>\n<\/p>\n<p><span class=\"wpcf7-form-control-wrap\" data-name=\"your-title\"><span class=\"wpcf7-form-control wpcf7-checkbox\"><span class=\"wpcf7-list-item first\"><input type=\"checkbox\" name=\"your-title[]\" value=\"Melle\" \/><span class=\"wpcf7-list-item-label\">Melle<\/span><\/span><span class=\"wpcf7-list-item\"><input type=\"checkbox\" name=\"your-title[]\" value=\"Mme\" \/><span class=\"wpcf7-list-item-label\">Mme<\/span><\/span><span class=\"wpcf7-list-item last\"><input type=\"checkbox\" name=\"your-title[]\" value=\"Mr\" \/><span class=\"wpcf7-list-item-label\">Mr<\/span><\/span><\/span><\/span>\n<\/p>\n<p>Nom (obligatoire)\n<\/p>\n<p><span class=\"wpcf7-form-control-wrap\" data-name=\"your-name\"><input size=\"40\" maxlength=\"400\" class=\"wpcf7-form-control wpcf7-text wpcf7-validates-as-required\" aria-required=\"true\" aria-invalid=\"false\" value=\"\" type=\"text\" name=\"your-name\" \/><\/span>\n<\/p>\n<p>Pr\u00e9nom\n<\/p>\n<p><span class=\"wpcf7-form-control-wrap\" data-name=\"your-first-name\"><input size=\"40\" maxlength=\"400\" class=\"wpcf7-form-control wpcf7-text wpcf7-validates-as-required\" aria-required=\"true\" aria-invalid=\"false\" value=\"\" type=\"text\" name=\"your-first-name\" \/><\/span>\n<\/p>\n<p>Adresse\n<\/p>\n<p><span class=\"wpcf7-form-control-wrap\" data-name=\"adress\"><input size=\"75\" maxlength=\"400\" class=\"wpcf7-form-control wpcf7-text\" aria-invalid=\"false\" value=\"\" type=\"text\" name=\"adress\" \/><\/span>\n<\/p>\n<p>Code postal\n<\/p>\n<p><span class=\"wpcf7-form-control-wrap\" data-name=\"postcode\"><input size=\"40\" maxlength=\"400\" class=\"wpcf7-form-control wpcf7-text\" aria-invalid=\"false\" value=\"\" type=\"text\" name=\"postcode\" \/><\/span>\n<\/p>\n<p>Localit\u00e9\n<\/p>\n<p><span class=\"wpcf7-form-control-wrap\" data-name=\"locality\"><input size=\"40\" maxlength=\"400\" class=\"wpcf7-form-control wpcf7-text\" aria-invalid=\"false\" value=\"\" type=\"text\" name=\"locality\" \/><\/span>\n<\/p>\n<p>Relation avec la personne\n<\/p>\n<p><span class=\"wpcf7-form-control-wrap\" data-name=\"relation\"><select class=\"wpcf7-form-control wpcf7-select\" aria-invalid=\"false\" name=\"relation\"><option value=\"Conjoint\">Conjoint<\/option><option value=\"P\u00e8re, m\u00e8re\">P\u00e8re, m\u00e8re<\/option><option value=\"Fils, fille\">Fils, fille<\/option><option value=\"Grand-p\u00e8re, grand-m\u00e8re\">Grand-p\u00e8re, grand-m\u00e8re<\/option><option value=\"Repr\u00e9sentant l\u00e9gal\">Repr\u00e9sentant l\u00e9gal<\/option><option value=\"H\u00e9ritier\">H\u00e9ritier<\/option><option value=\"Notaire\">Notaire<\/option><option value=\"Avocat\">Avocat<\/option><option value=\"Autre...\">Autre...<\/option><\/select><\/span>\n<\/p>\n<p>Email (obligatoire)\n<\/p>\n<p><span class=\"wpcf7-form-control-wrap\" data-name=\"your-email\"><input size=\"40\" maxlength=\"400\" class=\"wpcf7-form-control wpcf7-email wpcf7-validates-as-required wpcf7-text wpcf7-validates-as-email\" aria-required=\"true\" aria-invalid=\"false\" value=\"\" type=\"email\" name=\"your-email\" \/><\/span>\n<\/p>\n<p>L'ACTE DE MARIAGE CONCERN\u00c9:\n<\/p>\n<p><span class=\"wpcf7-form-control-wrap\" data-name=\"title\"><span class=\"wpcf7-form-control wpcf7-checkbox\"><span class=\"wpcf7-list-item first\"><input type=\"checkbox\" name=\"title[]\" value=\"Melle\" \/><span class=\"wpcf7-list-item-label\">Melle<\/span><\/span><span class=\"wpcf7-list-item\"><input type=\"checkbox\" name=\"title[]\" value=\"Mme\" \/><span class=\"wpcf7-list-item-label\">Mme<\/span><\/span><span class=\"wpcf7-list-item last\"><input type=\"checkbox\" name=\"title[]\" value=\"Mr\" \/><span class=\"wpcf7-list-item-label\">Mr<\/span><\/span><\/span><\/span>\n<\/p>\n<p>Nom (obligatoire)\n<\/p>\n<p><span class=\"wpcf7-form-control-wrap\" data-name=\"married-name\"><input size=\"40\" maxlength=\"400\" class=\"wpcf7-form-control wpcf7-text wpcf7-validates-as-required\" aria-required=\"true\" aria-invalid=\"false\" value=\"\" type=\"text\" name=\"married-name\" \/><\/span>\n<\/p>\n<p>Nom de naissance (1)\n<\/p>\n<p><span class=\"wpcf7-form-control-wrap\" data-name=\"birth-name\"><input size=\"40\" maxlength=\"400\" class=\"wpcf7-form-control wpcf7-text\" aria-invalid=\"false\" value=\"\" type=\"text\" name=\"birth-name\" \/><\/span>\n<\/p>\n<p>Pr\u00e9nom\n<\/p>\n<p><span class=\"wpcf7-form-control-wrap\" data-name=\"first-name\"><input size=\"40\" maxlength=\"400\" class=\"wpcf7-form-control wpcf7-text wpcf7-validates-as-required\" aria-required=\"true\" aria-invalid=\"false\" value=\"\" type=\"text\" name=\"first-name\" \/><\/span>\n<\/p>\n<p>Nom et pr\u00e9nom du p\u00e8re\n<\/p>\n<p><span class=\"wpcf7-form-control-wrap\" data-name=\"father-name\"><input size=\"40\" maxlength=\"400\" class=\"wpcf7-form-control wpcf7-text wpcf7-validates-as-required\" aria-required=\"true\" aria-invalid=\"false\" value=\"\" type=\"text\" name=\"father-name\" \/><\/span>\n<\/p>\n<p>Nom et pr\u00e9nom de la m\u00e8re\n<\/p>\n<p><span class=\"wpcf7-form-control-wrap\" data-name=\"mother-name\"><input size=\"40\" maxlength=\"400\" class=\"wpcf7-form-control wpcf7-text wpcf7-validates-as-required\" aria-required=\"true\" aria-invalid=\"false\" value=\"\" type=\"text\" name=\"mother-name\" \/><\/span>\n<\/p>\n<p>Date de mariage (jj\/mm\/aaaa)\n<\/p>\n<p><span class=\"wpcf7-form-control-wrap\" data-name=\"date-of-wedding\"><input size=\"40\" maxlength=\"400\" class=\"wpcf7-form-control wpcf7-text wpcf7-validates-as-required\" aria-required=\"true\" aria-invalid=\"false\" value=\"\" type=\"text\" name=\"date-of-wedding\" \/><\/span>\n<\/p>\n<p>Nombre d'actes demand\u00e9\n<\/p>\n<p><span class=\"wpcf7-form-control-wrap\" data-name=\"number-of-acts\"><input size=\"40\" maxlength=\"400\" class=\"wpcf7-form-control wpcf7-text wpcf7-validates-as-required\" aria-required=\"true\" aria-invalid=\"false\" value=\"\" type=\"text\" name=\"number-of-acts\" \/><\/span>\n<\/p>\n<p>Num\u00e9ro d'enregistrement (2)\n<\/p>\n<p><span class=\"wpcf7-form-control-wrap\" data-name=\"registration-number\"><input size=\"40\" maxlength=\"400\" class=\"wpcf7-form-control wpcf7-text\" aria-invalid=\"false\" value=\"\" type=\"text\" name=\"registration-number\" \/><\/span>\n<\/p>\n<p>(1) Uniquement n\u00e9cessaire pour les femmes mari\u00e9es<br \/>\n(2) Uniquement n\u00e9cessaire pour les notaires ou avocats\n<\/p>\n<p><label>Veuillez r\u00e9soudre ce probleme pour valider votre envoi.<\/label><br \/>\n<div class=\"dscf7-captcha-container\"><input name=\"dscf7_hidden_val1-dscf7captcha-745\" id=\"dscf7_hidden_val1-dscf7captcha-745\" type=\"hidden\" value=\"7\" \/><input name=\"dscf7_hidden_val2-dscf7captcha-745\" id=\"dscf7_hidden_val2-dscf7captcha-745\" type=\"hidden\" value=\"1\" \/><input name=\"dscf7_hidden_action-dscf7captcha-745\" id=\"dscf7_hidden_action-dscf7captcha-745\" type=\"hidden\" value=\"+\" \/><div class=\"dscf7-question-container\"><span class=\"dscf7_lt\">Combien font 1 + 7 ? <a href=\"javascript:void(0)\" id=\"dscf7captcha-745\" class=\"dscf7_refresh_captcha\" aria-label=\"Actualiser le captcha\"><img decoding=\"async\" class=\"dscf7_captcha_icon\" src=\"https:\/\/www.putanges-le-lac.fr\/wp-content\/plugins\/ds-cf7-math-captcha\/assets\/img\/icons8-refresh-30.png\" alt=\"Icone d actualisation\"\/><img decoding=\"async\" class=\"dscf7_captcha_reload_icon\" src=\"https:\/\/www.putanges-le-lac.fr\/wp-content\/plugins\/ds-cf7-math-captcha\/assets\/img\/446bcd468478f5bfb7b4e5c804571392_w200.gif\" alt=\"Actualisation du captcha\" style=\"display:none; width:30px\" \/><\/a><\/span><\/div><div class=\"dscf7-answer-container\"><label for=\"dscf7captcha-745-input\" class=\"screen-reader-text\">Reponse pour 1 + 7<\/label><span class=\"wpcf7-form-control-wrap\" data-name=\"dscf7captcha-745\"><input type=\"text\" id=\"dscf7captcha-745-input\" aria-label=\"Reponse pour 1 + 7\" class=\"wpcf7-form-control wpcf7-text\" size=\"5\" value=\"\" name=\"dscf7captcha-745\" placeholder=\"Saisissez votre reponse\" style=\"\" oninput=\"this.value = this.value.replace(\/[^0-9.]\/g, '').replace(\/(\\..*)\\.\/g, '$1');\"><\/span><input type=\"hidden\" name=\"ds_cf7_nonce\" value=\"9a35f70824\"><\/div><\/div>\n<\/p>\n<p><input class=\"wpcf7-form-control wpcf7-submit has-spinner\" type=\"submit\" value=\"Envoyer\" \/>\n<\/p><div class=\"wpcf7-response-output\" aria-hidden=\"true\"><\/div>\n<\/form>\n<\/div>\n\n<table border=\"1\" cellspacing=\"0\" cellpadding=\"0\">\n<tbody>\n<tr>\n<td width=\"614\" valign=\"top\">Conform\u00e9ment \u00e0 la loi Informatique et Libert\u00e9s du 6 janvier 1978, vous b\u00e9n\u00e9ficiez d&rsquo;un droit d&rsquo;acc\u00e8s, de rectification et de suppression des donn\u00e9es qui vous concernent, par simple lettre \u00e0 la Mairie de Putanges-Pont-\u00c9cr\u00e9pin, Place de l&rsquo;H\u00f4tel de Ville, 61210 PUTANGES-PONT-\u00c9CR\u00c9PIN ou par e-mail \u00e0 <a href=\"mailto:mairie.putanges.61@wanadoo.fr\">mairie.putanges.61@wanadoo.fr<\/a><\/td>\n<\/tr>\n<\/tbody>\n<\/table>\n","protected":false},"excerpt":{"rendered":"<p>Conform\u00e9ment \u00e0 la loi Informatique et Libert\u00e9s du 6 janvier 1978, vous b\u00e9n\u00e9ficiez d&rsquo;un droit d&rsquo;acc\u00e8s, de rectification et de suppression des donn\u00e9es qui vous concernent, par simple lettre \u00e0 [&hellip;]<\/p>\n","protected":false},"author":2,"featured_media":0,"parent":78,"menu_order":9,"comment_status":"closed","ping_status":"closed","template":"","meta":{"footnotes":""},"class_list":["post-334","page","type-page","status-publish","hentry"],"_links":{"self":[{"href":"https:\/\/www.putanges-le-lac.fr\/index.php?rest_route=\/wp\/v2\/pages\/334","targetHints":{"allow":["GET"]}}],"collection":[{"href":"https:\/\/www.putanges-le-lac.fr\/index.php?rest_route=\/wp\/v2\/pages"}],"about":[{"href":"https:\/\/www.putanges-le-lac.fr\/index.php?rest_route=\/wp\/v2\/types\/page"}],"author":[{"embeddable":true,"href":"https:\/\/www.putanges-le-lac.fr\/index.php?rest_route=\/wp\/v2\/users\/2"}],"replies":[{"embeddable":true,"href":"https:\/\/www.putanges-le-lac.fr\/index.php?rest_route=%2Fwp%2Fv2%2Fcomments&post=334"}],"version-history":[{"count":8,"href":"https:\/\/www.putanges-le-lac.fr\/index.php?rest_route=\/wp\/v2\/pages\/334\/revisions"}],"predecessor-version":[{"id":5506,"href":"https:\/\/www.putanges-le-lac.fr\/index.php?rest_route=\/wp\/v2\/pages\/334\/revisions\/5506"}],"up":[{"embeddable":true,"href":"https:\/\/www.putanges-le-lac.fr\/index.php?rest_route=\/wp\/v2\/pages\/78"}],"wp:attachment":[{"href":"https:\/\/www.putanges-le-lac.fr\/index.php?rest_route=%2Fwp%2Fv2%2Fmedia&parent=334"}],"curies":[{"name":"wp","href":"https:\/\/api.w.org\/{rel}","templated":true}]}}