{"id":4546,"date":"2017-10-19T13:15:10","date_gmt":"2017-10-19T13:15:10","guid":{"rendered":"http:\/\/www.ville-putanges.fr\/?page_id=4546"},"modified":"2021-03-11T17:12:26","modified_gmt":"2021-03-11T17:12:26","slug":"ski-nautique","status":"publish","type":"page","link":"https:\/\/www.putanges-le-lac.fr\/?page_id=4546","title":{"rendered":"Ski Nautique"},"content":{"rendered":"<p><img loading=\"lazy\" decoding=\"async\" class=\"aligncenter size-full wp-image-4561\" src=\"http:\/\/www.ville-putanges.fr\/wp-content\/uploads\/skate.jpg\" alt=\"\" width=\"870\" height=\"475\" srcset=\"https:\/\/www.putanges-le-lac.fr\/wp-content\/uploads\/skate.jpg 870w, https:\/\/www.putanges-le-lac.fr\/wp-content\/uploads\/skate-300x164.jpg 300w, https:\/\/www.putanges-le-lac.fr\/wp-content\/uploads\/skate-768x419.jpg 768w, https:\/\/www.putanges-le-lac.fr\/wp-content\/uploads\/skate-600x328.jpg 600w, https:\/\/www.putanges-le-lac.fr\/wp-content\/uploads\/skate-750x409.jpg 750w\" sizes=\"(max-width: 870px) 100vw, 870px\" \/><\/p>\n<p>&nbsp;<\/p>\n<h4 style=\"text-align: center;\"><span style=\"color: #0000ff;\"><strong>Le Motonautique Club de Basse-Normandie<\/strong><\/span>\u00a0accueille tous les amateurs de\u00a0<strong>sports nautiques<\/strong>\u00a0et forme de v\u00e9ritables champions.<\/h4>\n<h3 style=\"text-align: center;\">Un cadre unique<\/h3>\n<h4 style=\"text-align: center;\"><strong>Le lac artificiel de Rabodanges<\/strong>\u00a0est un lieu parfait pour la pratique du\u00a0<strong>ski nautique<\/strong>. Il s\u2019\u00e9tend sur 6 kilom\u00e8tres et offre des activit\u00e9s vari\u00e9es autour de paysages uniques. \u00c0 proximit\u00e9 du lac : restaurant, g\u00eete, paintball et activit\u00e9s \u00e9questres et vous assurent un s\u00e9jour sportif inoubliable.<\/h4>\n<h3 style=\"text-align: center;\">Des activit\u00e9s pour tous !<\/h3>\n<h4 style=\"text-align: center;\">Venez vous initier ou vous perfectionner aux\u00a0<strong>activit\u00e9s de ski nautique : Bi-ski, Mono-ski, Figures, Saut ou au WakeBoard<\/strong>. Que vous soyez amateur ou professionnel, les activit\u00e9s propos\u00e9es sont adapt\u00e9es \u00e0 votre niveau : jetez-vous \u00e0 l\u2019eau !<\/h4>\n<p>&nbsp;<\/p>\n<p><img loading=\"lazy\" decoding=\"async\" class=\"wp-image-4563 alignleft\" src=\"http:\/\/www.ville-putanges.fr\/wp-content\/uploads\/boue.jpg\" alt=\"\" width=\"632\" height=\"345\" srcset=\"https:\/\/www.putanges-le-lac.fr\/wp-content\/uploads\/boue.jpg 870w, https:\/\/www.putanges-le-lac.fr\/wp-content\/uploads\/boue-300x164.jpg 300w, https:\/\/www.putanges-le-lac.fr\/wp-content\/uploads\/boue-768x419.jpg 768w, https:\/\/www.putanges-le-lac.fr\/wp-content\/uploads\/boue-600x328.jpg 600w, https:\/\/www.putanges-le-lac.fr\/wp-content\/uploads\/boue-750x409.jpg 750w\" sizes=\"(max-width: 632px) 100vw, 632px\" \/><\/p>\n<p>&nbsp;<\/p>\n<p>&nbsp;<\/p>\n<p>&nbsp;<\/p>\n<p>&nbsp;<\/p>\n<p>&nbsp;<\/p>\n<p>&nbsp;<\/p>\n<p>&nbsp;<\/p>\n<p>&nbsp;<\/p>\n<p>&nbsp;<\/p>\n<p>&nbsp;<\/p>\n<h2 style=\"text-align: center;\"><span style=\"color: #800080;\">Motonautique Club de Basse-Normandie<\/span><br \/>\n<span style=\"color: #800080;\"><span class=\"Style6\">Pont de Sainte-Croix &#8211; Les Rotours\u00a0<\/span><span class=\"Style6\">&#8211; 61210 Putanges-Le-Lac<\/span><\/span><br \/>\n<span class=\"Style15\">T\u00e9l : 0<\/span>7 82 12 02 36<br \/>\n<a href=\"mailto:contact@mcbn.fr\">contact@mcbn.fr<\/a><br \/>\n<a href=\"http:\/\/www.mcbn.fr\/\" target=\"_blank\" rel=\"noopener\">www.mcbn.fr<\/a><\/h2>\n<h3 style=\"text-align: center;\"><img loading=\"lazy\" decoding=\"async\" class=\" wp-image-4565 alignright\" src=\"http:\/\/www.ville-putanges.fr\/wp-content\/uploads\/ski1.jpg\" alt=\"\" width=\"667\" height=\"500\" srcset=\"https:\/\/www.putanges-le-lac.fr\/wp-content\/uploads\/ski1.jpg 800w, https:\/\/www.putanges-le-lac.fr\/wp-content\/uploads\/ski1-300x225.jpg 300w, https:\/\/www.putanges-le-lac.fr\/wp-content\/uploads\/ski1-768x576.jpg 768w, https:\/\/www.putanges-le-lac.fr\/wp-content\/uploads\/ski1-600x450.jpg 600w, https:\/\/www.putanges-le-lac.fr\/wp-content\/uploads\/ski1-750x563.jpg 750w\" sizes=\"(max-width: 667px) 100vw, 667px\" \/><\/h3>\n","protected":false},"excerpt":{"rendered":"<p>&nbsp; Le Motonautique Club de Basse-Normandie\u00a0accueille tous les amateurs de\u00a0sports nautiques\u00a0et forme de v\u00e9ritables champions. Un cadre unique Le lac artificiel de Rabodanges\u00a0est un lieu parfait pour la pratique du\u00a0ski [&hellip;]<\/p>\n","protected":false},"author":7,"featured_media":0,"parent":15,"menu_order":8,"comment_status":"closed","ping_status":"closed","template":"","meta":{"footnotes":""},"class_list":["post-4546","page","type-page","status-publish","hentry"],"_links":{"self":[{"href":"https:\/\/www.putanges-le-lac.fr\/index.php?rest_route=\/wp\/v2\/pages\/4546","targetHints":{"allow":["GET"]}}],"collection":[{"href":"https:\/\/www.putanges-le-lac.fr\/index.php?rest_route=\/wp\/v2\/pages"}],"about":[{"href":"https:\/\/www.putanges-le-lac.fr\/index.php?rest_route=\/wp\/v2\/types\/page"}],"author":[{"embeddable":true,"href":"https:\/\/www.putanges-le-lac.fr\/index.php?rest_route=\/wp\/v2\/users\/7"}],"replies":[{"embeddable":true,"href":"https:\/\/www.putanges-le-lac.fr\/index.php?rest_route=%2Fwp%2Fv2%2Fcomments&post=4546"}],"version-history":[{"count":6,"href":"https:\/\/www.putanges-le-lac.fr\/index.php?rest_route=\/wp\/v2\/pages\/4546\/revisions"}],"predecessor-version":[{"id":4567,"href":"https:\/\/www.putanges-le-lac.fr\/index.php?rest_route=\/wp\/v2\/pages\/4546\/revisions\/4567"}],"up":[{"embeddable":true,"href":"https:\/\/www.putanges-le-lac.fr\/index.php?rest_route=\/wp\/v2\/pages\/15"}],"wp:attachment":[{"href":"https:\/\/www.putanges-le-lac.fr\/index.php?rest_route=%2Fwp%2Fv2%2Fmedia&parent=4546"}],"curies":[{"name":"wp","href":"https:\/\/api.w.org\/{rel}","templated":true}]}}