{"id":4554,"date":"2018-02-19T15:16:39","date_gmt":"2018-02-19T15:16:39","guid":{"rendered":"http:\/\/www.ville-putanges.fr\/?page_id=4554"},"modified":"2021-03-11T17:13:12","modified_gmt":"2021-03-11T17:13:12","slug":"stand-up-paddle","status":"publish","type":"page","link":"https:\/\/www.putanges-le-lac.fr\/?page_id=4554","title":{"rendered":"Stand Up Paddle"},"content":{"rendered":"<h1><span style=\"color: #800080;\">Stand up Paddle<\/span><\/h1>\n<p><img loading=\"lazy\" decoding=\"async\" class=\"aligncenter size-full wp-image-4830\" src=\"http:\/\/www.ville-putanges.fr\/wp-content\/uploads\/paddle.jpg\" alt=\"\" width=\"950\" height=\"531\" srcset=\"https:\/\/www.putanges-le-lac.fr\/wp-content\/uploads\/paddle.jpg 950w, https:\/\/www.putanges-le-lac.fr\/wp-content\/uploads\/paddle-300x168.jpg 300w, https:\/\/www.putanges-le-lac.fr\/wp-content\/uploads\/paddle-768x429.jpg 768w, https:\/\/www.putanges-le-lac.fr\/wp-content\/uploads\/paddle-600x335.jpg 600w, https:\/\/www.putanges-le-lac.fr\/wp-content\/uploads\/paddle-750x419.jpg 750w\" sizes=\"(max-width: 950px) 100vw, 950px\" \/><\/p>\n<p>&nbsp;<\/p>\n<p style=\"text-align: center;\">L&rsquo;USP Nautique de Putanges vous propose une d\u00e9couverte de la rivi\u00e8re Orne et du lac de Rabodanges en stand up paddle ou en kayak.<\/p>\n<p style=\"text-align: center;\">Le stand up paddle est un sport qui consiste \u00e0 ramer debout sur une grande et large planche, style surf, avec une pagaie.<\/p>\n<p style=\"text-align: center;\">\nC&rsquo;est un sport accessible \u00e0 tous, vous devez seulement savoir nager et savoir tenir debout pour vous initier au Stand up Paddle.<\/p>\n<p style=\"text-align: center;\">C&rsquo;est un sport tr\u00e8s complet : \u00e0 la fois cardio, parfait pour br\u00fbler des calories et tr\u00e8s bon pour tonifier les muscles du corps.<\/p>\n<p style=\"text-align: center;\">Qui peut faire du stand up paddle ? Tout le monde, homme ou femme, de 7 \u00e0 77 ans.<\/p>\n<h2 style=\"text-align: center;\"><span style=\"color: #800080;\"><span class=\"Style6\"><strong>Tarifs<\/strong><\/span><strong> stand up paddle<\/strong><\/span><\/h2>\n<p style=\"text-align: center;\"><strong>8 \u20ac l&rsquo;heure<\/strong><br \/>\n<strong> 14 \u20ac les 2 heures<\/strong><\/p>\n<p style=\"text-align: center;\"><strong><span class=\"Style6\">Tarifs<\/span> kayak<\/strong><br \/>\n<strong> 7 \u20ac l&rsquo;heure<\/strong><br \/>\n<strong> 12 \u20ac les 2 heures<\/strong><\/p>\n<p>&nbsp;<\/p>\n<h2 style=\"text-align: center;\"><span class=\"Style6\"><span style=\"color: #800080;\">Ouverture<\/span><\/span><\/h2>\n<p style=\"text-align: center;\">Horaires : 14h30-17h30<br \/>\nJuillet et ao\u00fbt : mercredi au dimanche<br \/>\nLe reste de l\u2019ann\u00e9e : le vendredi et le samedi<br \/>\nR\u00e9servation fortement conseill\u00e9e<\/p>\n<p>&nbsp;<\/p>\n<h2 style=\"text-align: center;\"><span class=\"Style6\"><span style=\"color: #800080;\">Informations<\/span><\/span><\/h2>\n<p style=\"text-align: center;\">Agr\u00e9ment Jeunesse et sports<br \/>\nGroupes\u00a0: minimum 5 personnes, maximum 15 personnes<br \/>\nPaiement par ch\u00e8que bancaire, ch\u00e8ques vacances, Cartatoo, Bons CAF, Bons MSA, Bons Comit\u00e9s d&rsquo;entreprises et esp\u00e8ces.<br \/>\nParking<br \/>\nLangue parl\u00e9e\u00a0: Anglais<\/p>\n<p style=\"text-align: center;\"><u>Conditions particuli\u00e8res<\/u>\u00a0: \u00eatre en possession du brevet de natation de 25m<\/p>\n<p>&nbsp;<\/p>\n<table style=\"height: 13px;\" border=\"1\" width=\"13\" cellspacing=\"0\" cellpadding=\"5\" align=\"center\" bgcolor=\"#f6f0f9\">\n<tbody>\n<tr valign=\"top\">\n<td width=\"317\"><\/td>\n<td width=\"287\"><\/td>\n<td width=\"308\"><\/td>\n<\/tr>\n<\/tbody>\n<\/table>\n<p style=\"text-align: center;\">USP Nautique<br \/>\n<strong>Chemin du Friche &#8211; Putanges-Pont-Ecr\u00e9pin &#8211; 61210 PUTANGES-LE-LAC<\/strong><br \/>\n+33 (0)6 72 38 67 56 \/ +33 (0)6 85 27 17 66<br \/>\n<a href=\"mailto:andr.corbierre@yahoo.fr\">andr.corbierre@yahoo.fr<\/a><\/p>\n","protected":false},"excerpt":{"rendered":"<p>Stand up Paddle &nbsp; L&rsquo;USP Nautique de Putanges vous propose une d\u00e9couverte de la rivi\u00e8re Orne et du lac de Rabodanges en stand up paddle ou en kayak. Le stand [&hellip;]<\/p>\n","protected":false},"author":7,"featured_media":0,"parent":15,"menu_order":13,"comment_status":"closed","ping_status":"closed","template":"","meta":{"footnotes":""},"class_list":["post-4554","page","type-page","status-publish","hentry"],"_links":{"self":[{"href":"https:\/\/www.putanges-le-lac.fr\/index.php?rest_route=\/wp\/v2\/pages\/4554","targetHints":{"allow":["GET"]}}],"collection":[{"href":"https:\/\/www.putanges-le-lac.fr\/index.php?rest_route=\/wp\/v2\/pages"}],"about":[{"href":"https:\/\/www.putanges-le-lac.fr\/index.php?rest_route=\/wp\/v2\/types\/page"}],"author":[{"embeddable":true,"href":"https:\/\/www.putanges-le-lac.fr\/index.php?rest_route=\/wp\/v2\/users\/7"}],"replies":[{"embeddable":true,"href":"https:\/\/www.putanges-le-lac.fr\/index.php?rest_route=%2Fwp%2Fv2%2Fcomments&post=4554"}],"version-history":[{"count":7,"href":"https:\/\/www.putanges-le-lac.fr\/index.php?rest_route=\/wp\/v2\/pages\/4554\/revisions"}],"predecessor-version":[{"id":4834,"href":"https:\/\/www.putanges-le-lac.fr\/index.php?rest_route=\/wp\/v2\/pages\/4554\/revisions\/4834"}],"up":[{"embeddable":true,"href":"https:\/\/www.putanges-le-lac.fr\/index.php?rest_route=\/wp\/v2\/pages\/15"}],"wp:attachment":[{"href":"https:\/\/www.putanges-le-lac.fr\/index.php?rest_route=%2Fwp%2Fv2%2Fmedia&parent=4554"}],"curies":[{"name":"wp","href":"https:\/\/api.w.org\/{rel}","templated":true}]}}