{"id":4632,"date":"2017-12-04T13:41:16","date_gmt":"2017-12-04T13:41:16","guid":{"rendered":"http:\/\/www.ville-putanges.fr\/?page_id=4632"},"modified":"2021-03-11T17:10:04","modified_gmt":"2021-03-11T17:10:04","slug":"sainte-croix-sur-orne","status":"publish","type":"page","link":"https:\/\/www.putanges-le-lac.fr\/?page_id=4632","title":{"rendered":"Sainte-Croix-sur-Orne"},"content":{"rendered":"<p style=\"text-align: center;\"><em>L\u2019origine du nom remonte en 1150\u00a0: <strong>Sancta Crux<\/strong>. <\/em><em>Tr\u00e8s fr\u00e9quent dans le d\u00e9partement du Nord, d\u00e9signe celui qui habite un lieu-dit la <strong>Croix<\/strong> ou en est originaire. <\/em><\/p>\n<p style=\"text-align: center;\"><em>Sens du toponyme : soit le lieu o\u00f9 se trouve <strong>une croix<\/strong>, soit <strong>un<\/strong> <strong>carrefour<\/strong>. <\/em><\/p>\n<p>&nbsp;<\/p>\n<p>&nbsp;<\/p>\n<p><em>La superficie est de <strong>381 Hectares<\/strong><\/em><\/p>\n<p><em>La population au 1<sup>er<\/sup>janvier \u00a02013 \u00e9tait de <strong>74 habitants<\/strong><\/em><\/p>\n<p><em>Noms des habitants\u00a0: les<strong> Crois\u00e9s\u00a0et les Crois\u00e9es.<\/strong><\/em><\/p>\n<p>&nbsp;<\/p>\n<p><em><img loading=\"lazy\" decoding=\"async\" class=\"wp-image-4688 alignleft\" src=\"http:\/\/www.ville-putanges.fr\/wp-content\/uploads\/ste.jpg\" alt=\"\" width=\"471\" height=\"353\" srcset=\"https:\/\/www.putanges-le-lac.fr\/wp-content\/uploads\/ste.jpg 2304w, https:\/\/www.putanges-le-lac.fr\/wp-content\/uploads\/ste-300x225.jpg 300w, https:\/\/www.putanges-le-lac.fr\/wp-content\/uploads\/ste-768x576.jpg 768w, https:\/\/www.putanges-le-lac.fr\/wp-content\/uploads\/ste-600x450.jpg 600w, https:\/\/www.putanges-le-lac.fr\/wp-content\/uploads\/ste-750x563.jpg 750w\" sizes=\"(max-width: 471px) 100vw, 471px\" \/><\/em><\/p>\n<p>&nbsp;<\/p>\n<p>&nbsp;<\/p>\n<p style=\"text-align: center;\"><em>Maire d\u00e9l\u00e9gu\u00e9e<strong>\u00a0: Madame Monique GUIBOUT<\/strong><\/em><\/p>\n<p style=\"text-align: center;\"><strong><em>Permanence de la mairie<\/em><\/strong>\u00a0: <em>Mercredi de 16h \u00e0 18h<\/em><\/p>\n<p style=\"text-align: center;\"><strong><a href=\"mailto:mairiesteX@wanadoo.fr\">mairiesteX@wanadoo.fr<\/a>\u00a0 <\/strong><strong><em>T\u00e9l\u00a0: 02 33 35 96 73<\/em><\/strong><\/p>\n<p>&nbsp;<\/p>\n<p>&nbsp;<\/p>\n<p>&nbsp;<\/p>\n<p>&nbsp;<\/p>\n<p>&nbsp;<\/p>\n<p>&nbsp;<\/p>\n<p>&nbsp;<\/p>\n<p>&nbsp;<\/p>\n<p>&nbsp;<\/p>\n<p>&nbsp;<\/p>\n<p>&nbsp;<\/p>\n<p>&nbsp;<\/p>\n","protected":false},"excerpt":{"rendered":"<p>L\u2019origine du nom remonte en 1150\u00a0: Sancta Crux. Tr\u00e8s fr\u00e9quent dans le d\u00e9partement du Nord, d\u00e9signe celui qui habite un lieu-dit la Croix ou en est originaire. Sens du toponyme [&hellip;]<\/p>\n","protected":false},"author":2,"featured_media":0,"parent":4614,"menu_order":11,"comment_status":"closed","ping_status":"closed","template":"page_fullwidth.php","meta":{"footnotes":""},"class_list":["post-4632","page","type-page","status-publish","hentry"],"_links":{"self":[{"href":"https:\/\/www.putanges-le-lac.fr\/index.php?rest_route=\/wp\/v2\/pages\/4632","targetHints":{"allow":["GET"]}}],"collection":[{"href":"https:\/\/www.putanges-le-lac.fr\/index.php?rest_route=\/wp\/v2\/pages"}],"about":[{"href":"https:\/\/www.putanges-le-lac.fr\/index.php?rest_route=\/wp\/v2\/types\/page"}],"author":[{"embeddable":true,"href":"https:\/\/www.putanges-le-lac.fr\/index.php?rest_route=\/wp\/v2\/users\/2"}],"replies":[{"embeddable":true,"href":"https:\/\/www.putanges-le-lac.fr\/index.php?rest_route=%2Fwp%2Fv2%2Fcomments&post=4632"}],"version-history":[{"count":6,"href":"https:\/\/www.putanges-le-lac.fr\/index.php?rest_route=\/wp\/v2\/pages\/4632\/revisions"}],"predecessor-version":[{"id":4695,"href":"https:\/\/www.putanges-le-lac.fr\/index.php?rest_route=\/wp\/v2\/pages\/4632\/revisions\/4695"}],"up":[{"embeddable":true,"href":"https:\/\/www.putanges-le-lac.fr\/index.php?rest_route=\/wp\/v2\/pages\/4614"}],"wp:attachment":[{"href":"https:\/\/www.putanges-le-lac.fr\/index.php?rest_route=%2Fwp%2Fv2%2Fmedia&parent=4632"}],"curies":[{"name":"wp","href":"https:\/\/api.w.org\/{rel}","templated":true}]}}