{"id":5989,"date":"2025-04-02T09:37:00","date_gmt":"2025-04-02T09:37:00","guid":{"rendered":"https:\/\/www.putanges-le-lac.fr\/?page_id=5989"},"modified":"2025-12-10T08:36:44","modified_gmt":"2025-12-10T08:36:44","slug":"videoprotection","status":"publish","type":"page","link":"https:\/\/www.putanges-le-lac.fr\/?page_id=5989","title":{"rendered":"Vid\u00e9oprotection"},"content":{"rendered":"<p><strong>Mesures pour l\u2019information des personnes\u00a0:<\/strong><\/p>\n<p>Les personnes concern\u00e9es par les traitements doivent \u00eatre inform\u00e9es dans les conditions pr\u00e9vues par la loi informatique et libert\u00e9s et le code de la s\u00e9curit\u00e9 int\u00e9rieure.<\/p>\n<p>Aussi, en application de l\u2019article R. 253-6 du CSI l\u2019information est apport\u00e9e au moyen d\u2019affiches (1) ou de panonceaux (8) comportant un pictogramme repr\u00e9sentant une cam\u00e9ra.<\/p>\n<p>Au surplus, s\u2019agissant de la voie publique, les personnes concern\u00e9es par les traitements peuvent obtenir l\u2019acc\u00e8s aux images enregistr\u00e9es les concernant.<\/p>\n<p>Pour ce faire, la personne qui souhaite avoir acc\u00e8s \u00e0 ces images dispose d&rsquo;un d\u00e9lai de 8 jours pour faire sa demande par lettre recommand\u00e9e avec accus\u00e9 de r\u00e9ception aupr\u00e8s de la mairie de Putanges-le-Lac. La r\u00e9ception de cette lettre proroge le d\u00e9lai de conservation des images dans la limite du d\u00e9lai maximum autoris\u00e9 par la loi soit un mois. La demande peut \u00eatre rejet\u00e9e afin de prot\u00e9ger le droit au respect de la vie priv\u00e9e des tiers. Elle peut \u00e9galement \u00eatre refus\u00e9e dans le cas o\u00f9 une proc\u00e9dure est en cours, ou pour des motifs de s\u00fbret\u00e9 de l&rsquo;Etat, de d\u00e9fense nationale ou de s\u00e9curit\u00e9 publique. Dans tous les cas la d\u00e9cision de refus doit \u00eatre d\u00fbment motiv\u00e9e. Le refus de donner acc\u00e8s aux images peut \u00eatre d\u00e9f\u00e9r\u00e9e au tribunal administratif comp\u00e9tent par l&rsquo;int\u00e9ress\u00e9.<\/p>\n<p>Si la demande est accept\u00e9e, la personne qui souhaite avoir acc\u00e8s aux images sera accompagn\u00e9e pendant toute la dur\u00e9e de visionnage par une personne autoris\u00e9e par l\u2019arr\u00eat\u00e9 pr\u00e9fectoral.<\/p>\n<p>Toute personne int\u00e9ress\u00e9e peut \u00e9galement saisir la commission d\u00e9partementale pr\u00e9vue par le code de s\u00e9curit\u00e9 int\u00e9rieure de toute difficult\u00e9 tenant au fonctionnement d&rsquo;un syst\u00e8me de vid\u00e9oprotection<\/p>\n","protected":false},"excerpt":{"rendered":"<p>Mesures pour l\u2019information des personnes\u00a0: Les personnes concern\u00e9es par les traitements doivent \u00eatre inform\u00e9es dans les conditions pr\u00e9vues par la loi informatique et libert\u00e9s et le code de la s\u00e9curit\u00e9 [&hellip;]<\/p>\n","protected":false},"author":7,"featured_media":0,"parent":1380,"menu_order":23,"comment_status":"closed","ping_status":"closed","template":"","meta":{"footnotes":""},"class_list":["post-5989","page","type-page","status-publish","hentry"],"_links":{"self":[{"href":"https:\/\/www.putanges-le-lac.fr\/index.php?rest_route=\/wp\/v2\/pages\/5989","targetHints":{"allow":["GET"]}}],"collection":[{"href":"https:\/\/www.putanges-le-lac.fr\/index.php?rest_route=\/wp\/v2\/pages"}],"about":[{"href":"https:\/\/www.putanges-le-lac.fr\/index.php?rest_route=\/wp\/v2\/types\/page"}],"author":[{"embeddable":true,"href":"https:\/\/www.putanges-le-lac.fr\/index.php?rest_route=\/wp\/v2\/users\/7"}],"replies":[{"embeddable":true,"href":"https:\/\/www.putanges-le-lac.fr\/index.php?rest_route=%2Fwp%2Fv2%2Fcomments&post=5989"}],"version-history":[{"count":2,"href":"https:\/\/www.putanges-le-lac.fr\/index.php?rest_route=\/wp\/v2\/pages\/5989\/revisions"}],"predecessor-version":[{"id":5995,"href":"https:\/\/www.putanges-le-lac.fr\/index.php?rest_route=\/wp\/v2\/pages\/5989\/revisions\/5995"}],"up":[{"embeddable":true,"href":"https:\/\/www.putanges-le-lac.fr\/index.php?rest_route=\/wp\/v2\/pages\/1380"}],"wp:attachment":[{"href":"https:\/\/www.putanges-le-lac.fr\/index.php?rest_route=%2Fwp%2Fv2%2Fmedia&parent=5989"}],"curies":[{"name":"wp","href":"https:\/\/api.w.org\/{rel}","templated":true}]}}